) = r**3 - 7*r**2 + 2*r + 4. Calculate m(u).
18
Let k(m) = 2*m - 13. Let h(c) = -c + 13. Let x(d) = -3*h(d) - 2*k(d). Let o = -96 + 78. Let u be ((-1)/3)/(107/o + 6). Calculate x(u).
-7
Let c(d) = -3*d**2 + 7*d - 7. Let n(p) = 4*p**2 - 8*p + 7. Suppose -55 = -v - 10*v. Let l(m) = v*c(m) + 4*n(m). Calculate l(-5).
3
Let b(u) = -u**2 - 6*u - 9. Let a(y) = 10*y + 32. Let d = 77 - 85. Let r be a(d). Let g be (-2*(-4)/(-16))/((-4)/r). Determine b(g).
-9
Let x(v) = -11*v**3 - v**2 + v. Let m(i) = 35*i - 15. Let o be m(-5). Let s = -189 - o. What is x(s)?
-11
Let z be (-82 + 70)*2/(-24). Suppose -3*f - 5*n + 18 - 5 = 0, 0 = 5*f - 3*n + 1. Let x(a) = -a**2 + 0*a**2 - 2*a + f + 2*a**2 - 2*a**3. What is x(z)?
-2
Suppose -5*q + 5*f = -20, -34*q + 32*q - 5*f = -1. Let s(z) = -1. Let b(n) = -n + 15. Let g(v) = -b(v) - 5*s(v). What is g(q)?
-7
Let z(l) = -6*l**2 - 6*l - 4. Let u(v) = 13*v**2 - 20*v**2 - 8*v + v - 5. Let h(p) = 4*u(p) - 5*z(p). Calculate h(2).
12
Let m(h) be the third derivative of h**5/60 - h**4/12 + h**2 - 2126*h. Give m(3).
3
Let u be (150/(-25))/((-6)/(-4)). Let z be 12/(-2) + 7 + u. Let v(b) = b**2 - b - 4. What is v(z)?
8
Let o(y) = y**2 - 22*y + 2 + 31*y**3 + 24*y + 50*y**3. Give o(-1).
-80
Let z(q) be the third derivative of -7*q**5/120 + 5*q**4/24 - 97*q**3/3 - 161*q**2. Let t(b) be the first derivative of z(b). Calculate t(3).
-16
Let p(h) = -12 + 0*h**2 + 13 + 2*h + 12*h**2. Suppose -13*u = -41*u - 28. Give p(u).
11
Let r(s) be the third derivative of s**8/6720 - s**7/1260 - s**6/720 + s**4/8 + 13*s**3/6 - 25*s**2 - 3. Let o(t) be the second derivative of r(t). Give o(-1).
-2
Let f(h) = -6*h**2 + h + 1. Let d(l) = 38*l**2 + 5*l - 7. Let j(v) = -d(v) - 6*f(v). Determine j(-5).
6
Let r(d) be the third derivative of -d**8/20160 - d**7/560 - 7*d**6/360 + 41*d**5/12 - 209*d**2. Let y(p) be the third derivative of r(p). Determine y(-6).
4
Let y(w) = -w**3 - 5*w**2 + 9*w + 5. Suppose -j - 5*p = 5, -8 = 4*p - 0. Suppose -5*o + 24 = -4*f, 0 = f + j*o - 0*o + 6. What is y(f)?
-13
Let b(l) be the third derivative of -l**6/120 + 2*l**5/15 - l**4/24 + 7*l**3/6 + 955*l**2. Give b(7).
49
Let r(v) = 44*v**2 + 3*v + 31. Let t(q) = 87*q**2 + 6*q + 73. Let p(j) = -7*r(j) + 3*t(j). What is p(1)?
-48
Let u(o) = 831180*o - 415591*o - 415590*o + 2 + 21*o**3. Give u(1).
22
Let f = 506 + -504. Suppose -2*u = f*l + 10, 4*l - 9*u + 5*u = -12. Let k(i) = -2*i**2 - 2*i. What is k(l)?
-24
Suppose -2*z - v = -227, -2*z + 142 = -3*v - 105. Suppose -z = 19*k - 2. Let u(i) = -i**2 - 7*i - 9. Calculate u(k).
-3
Let x(s) = -2*s**3 - 17*s**2 + 53*s - 23. Suppose 28*o + 61 = -18*o - 445. Calculate x(o).
-1
Let z(l) = -2*l**2 + 0*l**3 - 3*l**3 + 6*l**2 + 6*l + 2*l**3. Suppose 65 = 2*a + 1. Let n be (-2)/((a/10)/(-8)). Give z(n).
5
Let p(n) be the third derivative of n**4/24 + 11*n**3/6 - 151*n**2 + 6*n. Determine p(-11).
0
Let i(o) be the second derivative of o**4/12 + 5*o**3/2 + 25*o**2 + 5004*o. Give i(-16).
66
Let y be 2/((-62)/277) - (-4)/(-62). Let f(v) = 4*v**2 + 37*v + 8. Determine f(y).
-1
Suppose 41 = -20*q - 21*q. Let i(x) be the third derivative of -x**6/144 + x**4/24 + 4*x**2. Let s(j) be the second derivative of i(j). Calculate s(q).
5
Let q(x) = -x**3 - 7*x**2 + 3*x - 1. Let w = -4606 - -4598. Calculate q(w).
39
Let p = 50 + 9. Let o = p + -10. Let d = -45 + o. Let i(a) = 4*a - 4. Calculate i(d).
12
Let h(u) be the first derivative of u**4/4 - 2*u**3 + u**2 - 8*u - 1074. Give h(6).
4
Let m(n) = -n**2 - 40*n + 7. Suppose -4800 = 86*j + 34*j. What is m(j)?
7
Let f be (-312)/(12/1) - -16. Let y(s) = -s**2 + s - 12. Give y(f).
-122
Suppose -4637 = -3*b - 4631. Let d = -2 - -5. Let s(u) = b + 0*u - 5*u - d. Calculate s(1).
-6
Let y(w) = -2*w**3 + 3*w**2 - 9*w - 6. Let v be y(-7). Let h = -899 + v. Let f(c) = 2*c + 8. Determine f(h).
-10
Let k(t) = 637 - t**3 + 0*t**2 - 1422 + 784 - 4*t**2. What is k(-4)?
-1
Let q = -4 - -13. Suppose -168 = -n - 44. Let a(d) = n - 3*d**2 + 7*d + 2*d**2 - 115. Give a(q).
-9
Let n(b) = -310*b + 28. Let i(d) = 97*d - 10. Let a(j) = -19*i(j) - 6*n(j). Calculate a(-1).
5
Let n(z) = 3*z - 682 + 23*z**2 - 22*z**2 - z + 652. Determine n(9).
69
Let k(d) = d**3 - 21*d**2 + 30*d - 20. Let a(m) = m**2 + m. Let w(j) = 5*a(j) - k(j). Calculate w(25).
20
Suppose 20*a + 7445 = 7645. Let z(r) = -r**2 + 6*r - 8. Calculate z(a).
-48
Suppose -2*j = -d + 2, -3*d + 5*j = -5 - 0. Suppose 4*t + 3*i - 28 = -i, d = 3*t - 2*i + 4. Let x(w) = 4*w - 2*w**t + 2*w**3 + 10 + 4 - 11 - 6*w. What is x(2)?
7
Let x(y) be the third derivative of -7/60*y**5 - 5/3*y**3 + 0*y - 1/8*y**4 + 5 + 6*y**2 + 1/120*y**6. What is x(7)?
-31
Suppose 3*d + 2*j - 13 = 0, -17 + 22 = j. Let f(n) = 5*n + 10*n - 8*n + 10*n + 2. What is f(d)?
19
Let k(s) = 21*s**2 + 4*s + 4. Let a(v) = -16*v**2 - 3*v - 3. Let n(u) = 4*a(u) + 3*k(u). Suppose 2*p + t + 20 = -3*p, 5*p + 30 = t. What is n(p)?
-25
Suppose -2*r = -2*c, c - 4 = 5*r - 0*c. Let u be 10 - (0 + (-2)/r). Let m(w) = -9 + 8 - w**3 - 9*w**2 + u*w**2 + w. Calculate m(2).
-11
Let u(n) = -n**3 - 3*n**2 - n - 1. Suppose -6*x - 24 = -4*v - 2*x, -5*v - 2*x + 16 = 0. Suppose 2*f = 4*f + v. Give u(f).
-3
Let m(v) be the first derivative of v**3/3 - 2*v**2 + 6*v + 2. Let l be m(4). Let h(w) be the first derivative of w**3/3 - 3*w**2 + 8*w - 7. Determine h(l).
8
Let c(o) = 5 - 9*o - o - o**2 + 0*o. Let x be (-5 - -4)/((-2)/(-22)). Calculate c(x).
-6
Let z(i) = -i - 2. Suppose 0 = 4*o + 8, -o = h - 4 + 2. Suppose -5*d + h*w + 120 = 0, 4*d - w - 53 - 32 = 0. Let u be 0*(6 + -1)/d. Give z(u).
-2
Suppose 35*c - 14 = 28*c. Let u(a) = -7 + 1 + c - 8*a. Determine u(-3).
20
Suppose 3*i + 26 = 38, -5*m - 5*i = 1620. Let l = m + 317. Let b(y) = -y**2 - 12*y + 3. What is b(l)?
14
Let n(s) = 6*s + 17. Let f(z) = -2*z - 6. Let l(c) = -11*f(c) - 4*n(c). Let u = -1397 + 1392. Determine l(u).
8
Suppose -186*i - 102*i + 1747 = -557. Let g(j) be the third derivative of -j**4/24 + 8*j**3/3 - j**2. What is g(i)?
8
Suppose -2*r + 7*r + 35 = 0. Let m(u) = 0*u**2 - 1019700*u + 2*u**2 - 7*u**2 - u**3 - u**2 + 9 + 1019710*u. What is m(r)?
-12
Let z(y) = -9*y**3 + 41*y**2 + 3 + 41*y**2 + 8*y**3 - 74*y**2. Let h = -359 + 367. What is z(h)?
3
Suppose -3*j + 48 = 2*j - k, k + 28 = 3*j. Suppose -16 = 8*r - j*r. Suppose -5*h = 20, -5*i + 11 + r = 4*h. Let a(d) = d**2 - 6*d - 1. Give a(i).
6
Let i(t) = t + 13. Let y(d) = -4 - 3*d + 11 + 2*d - 5. Let v(j) = i(j) - 6*y(j). Calculate v(1).
8
Let i(f) be the first derivative of f**2/2 - 5*f - 2164. Let z(j) = 2*j**2 + 4 + 0*j**2 - j**2 - j. Let b be z(0). Determine i(b).
-1
Let d be 3*-3 - (-7 - -3). Let x(s) = 3225*s - s**3 - 3219*s + 7 - 4*s**2 - 1. Determine x(d).
1
Let w = 20 - 10. Let j(b) be the second derivative of -b**5/20 + 5*b**4/6 + b**2/2 - 8028*b. Calculate j(w).
1
Let m(g) = -5*g**2 + 9*g - 154. Let u(o) = 21*o**2 - 38*o + 625. Let w(q) = -25*m(q) - 6*u(q). Determine w(10).
30
Suppose 9*k + 70 - 97 = 0. Let r(h) = -h**2 + 16 + k*h - 8 - 7 - 6. Give r(4).
-9
Let d(x) = x**3 - 22*x**2 + 8*x + 273. Let y(h) = h**3 - 71*h**2 + 200*h + 293. Let v be y(68). Determine d(v).
0
Suppose 141 = -46*k + 233. Let x(b) = 21*b + 2. Give x(k).
44
Suppose 0 = -o - o + 6. Let y(h) be the second derivative of 1/3*h**3 - 12*h + 3/2*h**2 + 0. Give y(o).
9
Let a(p) = -p**2 - 16*p + 34. Suppose 41 = -3*t + 4*g, 16*t - 2*g + 87 = 11*t. Give a(t).
-23
Let u(c) be the second derivative of c**5/5 - 3*c**4/2 + 4*c**3/3 - c**2/2 - c + 47. Let l be u(4). Let h(i) = 6*i**2 + i. Give h(l).
5
Let t(n) = -4*n**2 - 3*n - 2. Suppose -2*r + 36 = 5*y, 9 = 4*y - 7. Suppose r*d + 32 = 12*d. Suppose -3*b = -d*b - 10. What is t(b)?
-12
Let m(i) be the first derivative of -i**6/360 + i**5/24 + 7*i**4/24 + 2*i**3 + 4*i + 50. Let o(t) be the third derivative of m(t). Give o(5).
7
Suppose 0*l = -2*l - 12. Suppose 0 = -0*f + 2*f - 4*s - 56, 4*f - 112 = 3*s. Let o(c) = -f*c**2 - 7*c + 17*c**2 + c**3 + 8 - 3 + 16*c**2. Determine o(l).
11
Let u(l) = -l**3 + 14*l**2 - 15*l + 26. Let g be 8 - -3 - 8/(-8 - -4). Give u(g).
0
Let x(d) = -d**2 + 6 - 2 - d - 6*d. Let u = -524 - -525. Let r be -12 + -5 + 14 - (2 + u). Give x(r).
10
Suppose -12 - 8 = 4*s. Let p(b) = -4*b + 2*b - 38 + 15 + 5*b + 16. Calculate p(s).
-22
Suppose 4*s + 14 = 2*k, 3*s - 4*k - 1 = -19. Let t 